the tens digit of 422021?
2
What is the thousands digit of 164629?
4
What is the ten thousands digit of 728907?
2
What is the units digit of 17891178?
8
What is the tens digit of 632625?
2
What is the hundred thousands digit of 3294031?
2
What is the units digit of 5548617?
7
What is the millions digit of 3650067?
3
What is the hundred thousands digit of 1875152?
8
What is the hundreds digit of 71074?
0
What is the hundred thousands digit of 3660585?
6
What is the tens digit of 5370011?
1
What is the ten thousands digit of 52548?
5
What is the hundreds digit of 348863?
8
What is the hundreds digit of 2466065?
0
What is the hundreds digit of 11954933?
9
What is the thousands digit of 534031?
4
What is the ten thousands digit of 12231782?
3
What is the tens digit of 29520714?
1
What is the ten millions digit of 10385881?
1
What is the thousands digit of 818034?
8
What is the millions digit of 4200902?
4
What is the ten thousands digit of 450742?
5
What is the ten millions digit of 10055576?
1
What is the tens digit of 6384668?
6
What is the hundreds digit of 6794291?
2
What is the ten thousands digit of 919851?
1
What is the tens digit of 830122?
2
What is the hundred thousands digit of 1304643?
3
What is the hundreds digit of 368435?
4
What is the tens digit of 398007?
0
What is the hundreds digit of 10183881?
8
What is the ten thousands digit of 339896?
3
What is the units digit of 27067299?
9
What is the hundred thousands digit of 471729?
4
What is the ten thousands digit of 129223?
2
What is the hundreds digit of 235718?
7
What is the ten thousands digit of 322295?
2
What is the tens digit of 1031044?
4
What is the thousands digit of 14513?
4
What is the ten thousands digit of 5250813?
5
What is the units digit of 467576?
6
What is the hundred thousands digit of 461375?
4
What is the tens digit of 2262399?
9
What is the hundred thousands digit of 777254?
7
What is the hundreds digit of 141895?
8
What is the millions digit of 1562942?
1
What is the millions digit of 1075410?
1
What is the hundred thousands digit of 4522885?
5
What is the thousands digit of 93027?
3
What is the ten thousands digit of 1714692?
1
What is the units digit of 8024381?
1
What is the hundred thousands digit of 1905563?
9
What is the tens digit of 2898033?
3
What is the hundred thousands digit of 386289?
3
What is the millions digit of 5672916?
5
What is the thousands digit of 18633885?
3
What is the hundred thousands digit of 159942?
1
What is the ten thousands digit of 4955215?
5
What is the hundreds digit of 643039?
0
What is the millions digit of 5147139?
5
What is the hundreds digit of 8178934?
9
What is the tens digit of 9100401?
0
What is the tens digit of 322708?
0
What is the units digit of 2015081?
1
What is the millions digit of 9142334?
9
What is the units digit of 11512855?
5
What is the units digit of 333769?
9
What is the thousands digit of 235751?
5
What is the units digit of 538918?
8
What is the units digit of 3581931?
1
What is the hundred thousands digit of 200137?
2
What is the hundred thousands digit of 511792?
5
What is the hundred thousands digit of 287821?
2
What is the millions digit of 27138906?
7
What is the hundreds digit of 1323933?
9
What is the thousands digit of 2577967?
7
What is the thousands digit of 581953?
1
What is the hundreds digit of 17726111?
1
What is the ten thousands digit of 672965?
7
What is the thousands digit of 9903079?
3
What is the hundreds digit of 268123?
1
What is the hundred thousands digit of 461019?
4
What is the hundreds digit of 1849283?
2
What is the hundreds digit of 3077187?
1
What is the hundred thousands digit of 223741?
2
What is the tens digit of 345440?
4
What is the thousands digit of 5781188?
1
What is the ten thousands digit of 113527?
1
What is the thousands digit of 454276?
4
What is the hundred thousands digit of 2415615?
4
What is the ten thousands digit of 1609094?
0
What is the hundreds digit of 79552?
5
What is the units digit of 4547407?
7
What is the millions digit of 14437537?
4
What is the thousands digit of 81667?
1
What is the millions digit of 25468101?
5
What is the hundreds digit of 757653?
6
What is the hundreds digit of 2737282?
2
What is the hundred thousands digit of 10981582?
9
What is the hundred thousands digit of 196212?
1
What is the hundred thousands digit of 2309950?
3
What is the hundreds digit of 595754?
7
What is the ten millions digit of 23355771?
2
What is the ten thousands digit of 11965?
1
What is the hundreds digit of 8620431?
4
What is the tens digit of 590999?
9
What is the ten thousands digit of 1846813?
4
What is the hundreds digit of 1533077?
0
What is the ten thousands digit of 1651288?
5
What is the hundreds digit of 4969014?
0
What is the tens digit of 428821?
2
What is the thousands digit of 338666?
8
What is the thousands digit of 28192736?
2
What is the tens digit of 437831?
3
What is the hundreds digit of 1113805?
8
What is the hundred thousands digit of 433677?
4
What is the hundreds digit of 5459416?
4
What is the tens digit of 21952132?
3
What is the hundred thousands digit of 6955392?
9
What is the hundred thousands digit of 3681366?
6
What is the units digit of 210012?
2
What is the thousands digit of 744132?
4
What is the thousands digit of 2925198?
5
What is the ten thousands digit of 22417?
2
What is the ten thousands digit of 29960488?
6
What is the thousands digit of 213667?
3
What is the thousands digit of 967233?
7
What is the hundreds digit of 754088?
0
What is the hundred thousands digit of 10956544?
9
What is the thousands digit of 279897?
9
What is the units digit of 4252315?
5
What is the millions digit of 16740383?
6
What is the ten thousands digit of 329226?
2
What is the thousands digit of 776531?
6
What is the units digit of 7443109?
9
What is the hundred thousands digit of 8559901?
5
What is the ten thousands digit of 98572?
9
What is the units digit of 29669519?
9
What is the hundreds digit of 105935?
9
What is the tens digit of 10101863?
6
What is the ten millions digit of 23033195?
2
What is the tens digit of 450137?
3
What is the tens digit of 201217?
1
What is the units digit of 5280162?
2
What is the hundreds digit of 1363590?
5
What is the tens digit of 263142?
4
What is the thousands digit of 764920?
4
What is the units digit of 17919608?
8
What is the units digit of 2608311?
1
What is the units digit of 581005?
5
What is the ten thousands digit of 4164631?
6
What is the millions digit of 3379681?
3
What is the hundred thousands digit of 1283049?
2
What is the millions digit of 1254177?
1
What is the ten thousands digit of 153847?
5
What is the thousands digit of 3166133?
6
What is the hundred thousands digit of 428932?
4
What is the hundreds digit of 59600?
6
What is the ten thousands digit of 296619?
9
What is the units digit of 323233?
3
What is the hundred thousands digit of 154056?
1
What is the hundreds digit of 20732?
7
What is the ten millions digit of 23722113?
2
What is the units digit of 144116?
6
What is the units digit of 369530?
0
What is the ten thousands digit of 671726?
7
What is the thousands digit of 2112016?
2
What is the millions digit of 1367677?
1
What is the ten thousands digit of 192027?
9
What is the millions digit of 1435299?
1
What is the hundred thousands digit of 146277?
1
What is the thousands digit of 251641?
1
What is the units digit of 196636?
6
What is the tens digit of 297012?
1
What is the thousands digit of 1245619?
5
What is the ten thousands digit of 10231659?
3
What is the hundreds digit of 8840324?
3
What is the units digit of 573794?
4
What is the hundred thousands digit of 991952?
9
What is the units digit of 3798217?
7
What is the units digit of 432852?
2
What is the ten thousands digit of 16760851?
6
What is the ten thousands digit of 567016?
6
What is the millions digit of 1668545?
1
What is the thousands digit of 1913808?
3
What is the hundred thousands digit of 187725?
1
What is the millions digit of 1913565?
1
What is the units digit of 34809327?
7
What is the ten thousands digit of 5256820?
5
What is the hundreds digit of 1252470?
4
What is the hundreds digit of 411932?
9
What is the units digit of 248949?
9
What is the tens digit of 900276?
7
What is the thousands d